
9
Suppose -116*w + 3361 = -5279 - 9224. Let z = -27 + 71. What is the highest common divisor of z and w?
22
Let o = 4274 - 4178. What is the greatest common divisor of o and 27?
3
Let r = -75 - -84. Suppose -69 = -10*p - r. Let o be (40/6 - p)*(-1 - -55). What is the highest common factor of o and 108?
36
Suppose 0 = -6*d + 9*d + 5*x - 209, 5*d - 371 = 3*x. What is the highest common factor of 11607 and d?
73
Let p be (28/98 - 46/14) + 35. Let r(k) = k + 22. Let i be r(p). What is the greatest common factor of i and 243?
27
Let d(u) = -u + 2. Let r be d(-3). Suppose 4*b = 7 + r. Let w = -150355 - -150357. Calculate the highest common factor of b and w.
1
Suppose 0*n = -n + 19. Suppose 0 = 142*v - 757 + 615. Calculate the highest common factor of v and n.
1
Suppose -10*z - 286 + 1166 = 0. Suppose -21*f + z = d - 17*f, -2*d + 3*f + 132 = 0. What is the highest common factor of d and 60?
12
Let x(o) = o - 15. Let v be x(-13). Let j be (612/56 - 16/v)*32. What is the greatest common divisor of j and 16?
16
Suppose d - t - 134 = 0, t = 4*d - 2*t - 539. Suppose n + 178 = -2*m + 7*m, -4*m = n - d. What is the greatest common divisor of 385 and m?
35
Suppose 34*n = 30*n + 12. Suppose -h = -16 + n. Suppose 7*j + 104 = 8*j. What is the highest common factor of h and j?
13
Suppose 0 = -4*p - 6*p + 2260. Let b = p - 224. Calculate the greatest common divisor of b and 64.
2
Let m(w) = -52*w**2 - 3*w - 1. Let x be m(-3). Let v = x - -476. Calculate the highest common factor of 272 and v.
16
Suppose -32*r + 639 = -129. Calculate the greatest common factor of r and 204.
12
Let i(z) = 2*z**2 + 14*z + 1. Let m be i(-7). Let c be m - -48 - (-42)/(-7). Calculate the highest common divisor of 344 and c.
43
Suppose 0 = -167*c + 213*c - 2944. Suppose 343 = 5*d - 57. Calculate the highest common factor of d and c.
16
Let g be -3*(-2)/(-12)*-12. Let t be (g + -2)/(32/144). What is the highest common divisor of 30 and t?
6
Let b(q) = -q**3 - 4*q**2 + 6*q + 9. Let w be b(-5). Suppose -w*x + 1721 = 1017. Calculate the greatest common factor of 33 and x.
11
Let i = 40508 - 40485. Let c be ((-598)/6)/(-1)*3. Calculate the highest common factor of c and i.
23
Let z(k) = -143*k - 1. Let c be z(1). Let y = 216 + c. Suppose 5*f + 243 = 4*b, -4*f - y = -3*b + 110. Calculate the greatest common factor of b and 155.
31
Suppose 92*k - 97*k = -20, 4*k + 44 = 5*f. What is the highest common factor of f and 1236?
12
Let r = -114 + 290. Suppose -r - 76 = -2*h. Suppose m - 4 = 4*q + 13, -3*q = 3*m - 66. Calculate the greatest common divisor of m and h.
21
Let d be (3 + 1)/(8/(-112)*-7). Let p = -6 - -26. Calculate the highest common factor of p and d.
4
Let x(l) = 2*l**3 - 16*l**2 - 2*l - 24. Let o be x(7). Let i = -95 - o. What is the greatest common factor of 41 and i?
41
Let a = -1263 - -7476. Calculate the greatest common factor of 57 and a.
57
Let j = -316 + 509. Let g = -966 + 1063. Let d = j - g. What is the highest common divisor of d and 12?
12
Let w(y) = 35*y - 140. Let a be w(4). Suppose -42*k + 49*k - 105 = a. What is the highest common divisor of 210 and k?
15
Let z(c) = 118*c**3 + 4*c - 3. Let o be z(1). Let w = 147 - o. What is the greatest common factor of 42 and w?
14
Suppose 2*u = 1489 + 215. Let v be (-1)/(-3 + 2550/u). Calculate the greatest common divisor of 213 and v.
71
Suppose 0 = -54*v + 7068 + 3948. Let w be (8 - -2) + (0 - -1). Suppose 5*j - 71 = -w. What is the highest common divisor of v and j?
12
Let r be (-3)/(-21) + 38566/77. Let q = -499 + r. Suppose k = -0*k + 18. What is the highest common divisor of q and k?
2
Let w = 414 + -246. Suppose -24*u + 703 + 809 = 0. Calculate the highest common factor of w and u.
21
Suppose 317*b - 313*b + 72 = o, 0 = o + 2*b - 72. Calculate the greatest common divisor of 512 and o.
8
Let j be 32/(-36) + -16 + 5968/72. What is the highest common factor of 1342 and j?
22
Let k be (1105 + 0)*((-39)/(-20))/(156/208). Calculate the highest common divisor of 52 and k.
13
Suppose 4*d - 4074 = -2*q - 1506, 5*q = 3*d - 1952. What is the greatest common factor of d and 736?
92
Let m = 107 - -58. Suppose 87 + m = 6*v. Calculate the greatest common factor of 28 and v.
14
Let f = -26178 + 26197. What is the highest common factor of 56 and f?
1
Let f = -191 + 92. Let l = f - -102. Suppose l*q - 72 = q. What is the greatest common divisor of q and 24?
12
Suppose -18*x - 3418 = 6986. Let z = x + 587. Calculate the greatest common factor of z and 81.
9
Let c = 105 - 105. Suppose -3*m - p = -5, -m + c*p = -p - 3. Calculate the highest common divisor of m and 13.
1
Suppose -4*w + 0*w - 4*n = -8, -2*w + 19 = -n. Suppose 31 = w*m - 494. Suppose 5*j = 2*j + m. Calculate the highest common factor of j and 10.
5
Let z be (3 + 0)/(10/2 - (-20273)/(-4074)). Calculate the greatest common factor of z and 252.
126
Let c(n) = -2*n**3 + n - 4. Let x be c(-2). Suppose j + x*j = 770. Calculate the greatest common divisor of 84 and j.
14
Let t be ((-15)/(-3) + -8)*(-250)/6. Let s = t + -95. What is the highest common divisor of 90 and s?
30
Suppose -139*h - 1348083 = -373*h - 225*h. Calculate the greatest common factor of h and 132.
33
Let w(f) = 2*f + 30. Let x be w(15). Suppose -39*z = -36*z - x. What is the highest common factor of z and 12?
4
Let v(n) = n**3 + 2*n**2 + n - 2. Let s(o) = 20*o**3 + 6*o**2 - o - 2. Let h(d) = s(d) - 4*v(d). Let q be h(1). What is the highest common divisor of q and 135?
15
Suppose 68 = 2*n + 2*n. Let v(h) = 33*h**3 + 10*h + 37*h**3 + 6*h**2 - 71*h**3 - 9. Let k be v(6). Calculate the highest common divisor of n and k.
17
Let a = 785 - 141. Let o = a + -379. What is the greatest common divisor of o and 106?
53
Let x = 4252 + -4232. What is the greatest common divisor of 860 and x?
20
Let y = -241 - -417. Let f = 192 - y. Calculate the greatest common divisor of 4 and f.
4
Suppose -4*d = -0*i + 5*i - 245, 3*i = -2*d + 123. Suppose -3*m = -3*c - d, -3*m - 3*c = 2*c - 76. What is the highest common divisor of 2 and m?
2
Let o = 473 + -235. Suppose 4 = -4*d, 3*d - 8*d - 117 = -4*z. What is the greatest common factor of o and z?
14
Suppose 0 = -2*v + 8 - 140. Let z = v + 124. Suppose 233 - z = 7*g. Calculate the highest common factor of 25 and g.
25
Suppose -2*m + 5*t + 35 = 0, 6*m - 3*m + 2*t = 81. Let k be ((-55)/m)/(3/(-15)). What is the greatest common divisor of k and 22?
11
Suppose 20980*x - 886500 = 20950*x. What is the highest common divisor of 150 and x?
150
Let u(g) = g**2 - 405*g + 8. Let v be u(0). Suppose 3*h - 368 - 16 = 0. Calculate the highest common divisor of h and v.
8
Suppose -2*n - 5*l = -535, 108*l - 104*l + 508 = 2*n. What is the greatest common divisor of n and 325?
65
Suppose 4*w = 5*j - 316, j - 66 = w - 3*w. Suppose 2*q + g - 19 = 0, -4*q + 94 = -3*g + 71. Calculate the greatest common factor of q and j.
8
Suppose 0 = -2*s - 4*z + 9508, 0 = 5*s + 2*z - 12665 - 11113. Calculate the greatest common divisor of s and 1640.
164
Let o(c) = -3*c**3 - 2*c**2 - 2*c - 1. Let x be o(-1). Suppose k = 4*t + 89, -5*k - 2*t + 541 = x*t. What is the highest common divisor of k and 63?
21
Let l = -41423 + 41451. What is the greatest common factor of 7784 and l?
28
Let p = 51 + -29. Let s = 277 + -275. Suppose -s*d + 516 = 3*n, -4*d + 1076 = -3*n - 2*n. What is the highest common factor of d and p?
22
Suppose 0*t - r = 4*t - 317, 329 = 4*t - 3*r. Let h(v) = v**2 + 21*v - 11. Let w be h(-18). Let a = w + t. What is the highest common factor of 10 and a?
5
Let g = -154 - -397. Let u = 118 + -105. Let y = 14 + u. Calculate the highest common divisor of y and g.
27
Let p = -6985 + 7633. What is the highest common divisor of 104 and p?
8
Let n be (-84)/140 - 622/5. Let s = -101 - n. Calculate the greatest common factor of 8 and s.
8
Let c be -4 - (16*98)/(-2). Suppose -x + c = -5*x. Let p = -111 - x. Calculate the highest common factor of p and 12.
12
Let m(a) = 53*a**2 - 3. Suppose -177*q = -178*q - 1. Let v be m(q). Calculate the greatest common factor of 2 and v.
2
Suppose -21666 = -57*z + 3471. Calculate the highest common factor of z and 1638.
63
Suppose 0 = -21*p - 7*p - 21110 + 55970. Calculate the greatest common factor of 7221 and p.
249
Suppose 45 = -128*x - 134*x + 277*x. What is the highest common factor 